3 - 3*u**2 + 2*u - 1. Let v be f(2). Suppose 2 = -2*n + n. Let t = v - n. What is the units digit of t?
1
Let y(t) = -t**3 - 32*t**2 + 23*t - 80. What is the hundreds digit of y(-33)?
2
Let a(n) = 32*n + 5. Let u be a(9). What is the units digit of (u - -2)/5 - 4?
5
Let s(z) = 2*z + 70. Let q(v) = v**2 + 9*v. Let a be q(-9). What is the units digit of s(a)?
0
Suppose -42*t = -26*t - 8464. What is the tens digit of t?
2
Suppose 3*s = -15, -2*s - 6 = -2*f + 8. Suppose -f*b + 110 = -0*b. What is the units digit of b?
5
Let s be (-2 - -2*39) + 7/7. Suppose -5*a - n + s = 0, 6*a - 3*a = 4*n + 60. What is the units digit of a?
6
Suppose -5 + 1 = -2*b. Let i be b/(7/((-854)/(-4))). Suppose -3*y + i = -5*m, 78 = -4*y + 8*y - 5*m. What is the units digit of y?
7
Suppose 0 = -0*n + 2*n - 128. Let k(t) = 4*t**3 - 2*t. Let q be k(2). Let h = n - q. What is the units digit of h?
6
Let v(y) = -18*y**3 + y. Let o = 47 + -48. What is the units digit of v(o)?
7
What is the thousands digit of 19320/63*(-42)/(-5)?
2
Let b(h) = 11*h**2 + 2*h**3 - 11*h + 4 + 0 - 2*h**2 - 3*h**3. What is the units digit of b(7)?
5
Let v(m) = 0*m**3 - 423 + 449 + m + m**3 + 2*m**2. What is the units digit of v(0)?
6
Suppose -4*w + 49 + 239 = 0. Let c = -133 + 252. Let d = c - w. What is the units digit of d?
7
Let y(w) = w**3 - 11*w**2 + 10*w + 5. Let k be y(10). Suppose -190 + 770 = k*f. What is the units digit of f?
6
Suppose -b - 516 = -3*d + 145, 4*d = -4*b + 908. What is the hundreds digit of d?
2
Suppose 0*r + 1456 = 16*r. What is the tens digit of r?
9
What is the units digit of (1 - 10) + -2 - -3592?
1
Suppose 69*c - 16621 = 14636. What is the hundreds digit of c?
4
What is the hundreds digit of -1 + (-3)/(-15) + 84285/75?
1
Suppose 4*k = -0*k - 4*w - 20, -4*w + 20 = 0. Let z = k + 10. Suppose 4*j - 34 - 54 = z. What is the tens digit of j?
2
Let h(v) = 8*v**2 - 44. What is the hundreds digit of h(-10)?
7
Let i(g) = -g**3 - 28*g**2 - 13*g - 62. What is the units digit of i(-28)?
2
Let o be 33/((2/12)/(-1)). Let p = -87 - o. What is the hundreds digit of p?
1
Let d(s) = 2*s. Suppose 0 = 5*b - 4*b - 1. Let i be d(b). Suppose i*f + 3*f = 0, -100 = -4*p - 2*f. What is the tens digit of p?
2
Suppose 0 = -2*o - u + 352, 5*o - 581 - 313 = u. What is the tens digit of o?
7
Let j(y) = 3*y - 8. Let s be j(0). What is the tens digit of (-438)/s + 3/12?
5
Suppose 9*r - 5*r = 6740. What is the units digit of r?
5
Let y(q) = 1. Let f = -22 - -27. Let k(c) = 4*c - 19. Let i(g) = f*y(g) + k(g). What is the units digit of i(6)?
0
Let k = 1 - -229. What is the tens digit of k?
3
Suppose 4 = -7*c - 45. Let u(s) be the second derivative of -s**4/12 - 5*s**3/3 - 5*s**2/2 - 2*s. What is the tens digit of u(c)?
1
Let c(p) be the first derivative of 6*p**2 + 32*p + 17. What is the units digit of c(11)?
4
Suppose 2*x - 10 = -4*c, c - x + 4*x - 10 = 0. What is the units digit of (9 - 2 - 10) + c + 20?
8
Let w(h) be the second derivative of h**3/3 - h**2 + h. What is the units digit of w(4)?
6
Let b be ((-9)/12)/(5/(-40)). Suppose m = b*m - 110. Let w = m + -18. What is the units digit of w?
4
Let u(r) = 5. Let d(x) = x + 6. Let j(k) = 3*k + 17. Let f(v) = 17*d(v) - 6*j(v). Let p(y) = f(y) + u(y). What is the units digit of p(-14)?
9
Suppose 3*z = -l + 753 + 329, l - 362 = -z. Suppose z = 2*y - y. Suppose -4*m + y = 4*u + 68, -5*m - 10 = 0. What is the tens digit of u?
7
Let i = -732 - -1228. What is the tens digit of i?
9
Let k = -8 + 57. Let w be 2/((-7)/((-63)/2)). Let l = k - w. What is the units digit of l?
0
Let c be 2*(-2 + 0 + 3). Suppose 3*b - 102 = -4*l, -3 = -c*b + 1. What is the tens digit of l?
2
Suppose 42*c + 22423 = 59*c. What is the thousands digit of c?
1
Suppose -3*d + 1 + 11 = 0. Suppose 0*h = 4*h - d. What is the units digit of h?
1
Let d(g) be the second derivative of 5*g**3/6 - 15*g**2/2 + 11*g. Let a be d(8). Suppose 0 = -21*l + a*l - 172. What is the units digit of l?
3
Let k be -1*(13 - (3 - 0)). Let b = -3 - k. What is the tens digit of ((-18)/b)/((-12)/56)?
1
Suppose r - 2*r = 33. Let c be r/((12/(-4))/3). Suppose -l - c = -2*l. What is the units digit of l?
3
Let i be (4/(-5))/(2/(-365)). Let x = i + -78. Suppose -9*w - x = -11*w. What is the tens digit of w?
3
Let c be (-3 - 0)/1 - -1. What is the units digit of (-4 - 0)/(c/19)?
8
Suppose 2*g + g + 6 = 0. Let r be (20/35)/(g/(-7)). What is the tens digit of 7 - -4 - r/2?
1
Suppose 3741 = 7*y - 1257. What is the hundreds digit of y?
7
Let s be (-2)/5 + (-14)/(-10). Let i(m) be the second derivative of 13*m**3/6 - m**2/2 + 14*m + 1. What is the tens digit of i(s)?
1
Suppose -l + 320 = -182. Suppose 5*j - d = j + 398, -d + l = 5*j. What is the hundreds digit of j?
1
Let p = -1641 - -3214. What is the units digit of p?
3
Let l(r) = r**2 - 2*r + 1. Let u be l(4). Let s(z) = 18*z**2 - z. Let m be s(1). Suppose 2*d - m - u = 0. What is the tens digit of d?
1
Suppose 3*a - 5*t - 1856 = 0, 19*t - 17*t + 1244 = 2*a. What is the tens digit of a?
2
Let k(l) be the second derivative of 103*l**4/12 - l**3/2 - l**2 + 6*l. What is the hundreds digit of k(-1)?
1
Suppose -22099 - 4845 = -8*a. What is the tens digit of a?
6
What is the units digit of (-13215)/(-10) - 14/28?
1
What is the tens digit of 6 + ((-5133)/58)/((-6)/16)?
4
Let b be (12/5)/(-3)*-15. Let r = b + 34. What is the units digit of r?
6
Suppose 42*a + 18 = 36*a. Let c(h) = 64*h**2 + 6*h - 7. Let m be c(7). What is the tens digit of m/63 + (-2)/a?
5
Suppose 37 = -0*n + 4*n - p, -3*n + 26 = p. Suppose -4*t = -n*t + 225. What is the tens digit of t?
4
Let z(q) = -12*q + 11. Let j(y) = 12*y - 13. Let w(f) = 5*j(f) + 6*z(f). Suppose -19 - 6 = 5*d. What is the tens digit of w(d)?
6
Let g(l) = l**3 + 5*l**2 - 8*l - 17. What is the tens digit of g(3)?
3
Let w = -221 + 60. Let g = -97 - w. What is the tens digit of g?
6
Let m(r) = 2*r**2 - 2*r. Let z be m(0). Suppose z = -8*w - 135 + 1247. What is the units digit of w?
9
Suppose 3*i = -2*l - 3*l + 29, 0 = -2*i + 6. Let x(j) = -j**2 + 7*j - 6. Let m be x(l). Suppose -m*h + 86 = -4*h. What is the units digit of h?
3
Let j(l) be the first derivative of l**4/4 - 7*l**3/3 - 5*l**2/2 + 12*l + 6. What is the tens digit of j(8)?
3
Let r(a) be the first derivative of a**4/4 - 2*a**3 - 3*a**2/2 + a - 5. Let y be r(7). Suppose -46 - y = -5*z. What is the units digit of z?
5
Suppose 0*j + j - 45 = 0. Suppose 4*l - 3*y - 11 = 0, l - 8 = -l + 4*y. Suppose 2*h = 10, l*o + h = j + 18. What is the units digit of o?
9
Suppose 0 = 24*h + 5*h - 18386. What is the units digit of h?
4
Let m(x) = 182*x + 134. What is the units digit of m(2)?
8
Suppose 0*w = -3*w + 9. Suppose 6*t - w*t = 57. What is the tens digit of ((3 - 3) + 1)*t?
1
Suppose 20*p + 5662 = 58*p. What is the tens digit of p?
4
Suppose 0 = -55*y + 48085 + 18410. What is the tens digit of y?
0
Let p(g) = -2*g**3 + 18*g**2 - 24*g + 15. What is the units digit of p(6)?
7
Let b = 60 + -66. What is the tens digit of 3*-3*(-2)/b - -69?
6
Let i(x) = x**3 + 3. Let c be i(0). Suppose c*q - 301 = 2*h, -5*q - 2*h + 6*h + 503 = 0. What is the tens digit of q?
9
Suppose 5*z - 30 = 2*z. Suppose -3*v - 18 = -3*r, -28 = -4*r + 14*v - 9*v. Suppose b + 3*m - 15 = -2*b, 0 = r*b - 5*m - z. What is the units digit of b?
5
Let p(w) = -w**2 + 2*w + 1307. What is the hundreds digit of p(0)?
3
Let s = 32 - -25. Suppose 0 = 5*z + s - 332. What is the units digit of z?
5
Suppose -a + 1 + 3 = 0. Suppose a*r + 40 = 8*r. What is the units digit of (-52)/(-5) + 6/r?
1
Let f = 1 + 7. Let t(l) = -l**2 + f*l - l + 15*l**2 - 4*l**2 + l**3. What is the units digit of t(-9)?
8
Suppose r = -8 + 30. Let p = r + -1. What is the tens digit of p?
2
Let o(a) = -a**3 + 4*a**2 + 4*a + 5. Let b be o(5). Suppose b = -4*z - 2*s + 58, z - 6 - 13 = -2*s. What is the tens digit of z?
1
Suppose -1154 = -17*w + 1702. What is the hundreds digit of w?
1
Let h(t) = -2*t**2 + 27*t - 7. Let m be h(13). Suppose 0 = 3*g - m, 1 = c + 4*g - 8. What is the units digit of c?
1
Let i be 3/1*(-10 + 7). Let w = 51 - i. Suppose 3*q = -0*q + w. What is the units digit of q?
0
Suppose 20*r = 22*r + 12. What is the tens digit of 2/r - (-2420)/33?
7
Let j = -38 - -27. Let b = -9 - j. Suppose -b*t + 4*l = -52, -56 = -2*t + l + 4*l. What is the tens digit of